{"id":599,"date":"2023-10-05T15:41:43","date_gmt":"2023-10-05T13:41:43","guid":{"rendered":"https:\/\/lou-felibre.fr\/1696364920877\/?page_id=599"},"modified":"2023-10-05T15:43:52","modified_gmt":"2023-10-05T13:43:52","slug":"seminaires-et-reunions-professionnelles","status":"publish","type":"page","link":"https:\/\/lou-felibre.fr\/en\/seminaires-et-reunions-professionnelles\/","title":{"rendered":"Seminars and business meetings."},"content":{"rendered":"<div data-elementor-type=\"wp-page\" data-elementor-id=\"599\" class=\"elementor elementor-599\" data-elementor-post-type=\"page\">\n\t\t\t\t<div class=\"elementor-element elementor-element-ea471fa e-flex e-con-boxed e-con e-parent\" data-id=\"ea471fa\" data-element_type=\"container\" data-core-v316-plus=\"true\">\n\t\t\t\t\t<div class=\"e-con-inner\">\n\t\t\t\t<div class=\"elementor-element elementor-element-8cdb517 elementor-widget elementor-widget-heading\" data-id=\"8cdb517\" data-element_type=\"widget\" data-widget_type=\"heading.default\">\n\t\t\t\t<div class=\"elementor-widget-container\">\n\t\t\t<style>\/*! elementor - v3.20.0 - 26-03-2024 *\/\n.elementor-heading-title{padding:0;margin:0;line-height:1}.elementor-widget-heading .elementor-heading-title[class*=elementor-size-]>a{color:inherit;font-size:inherit;line-height:inherit}.elementor-widget-heading .elementor-heading-title.elementor-size-small{font-size:15px}.elementor-widget-heading .elementor-heading-title.elementor-size-medium{font-size:19px}.elementor-widget-heading .elementor-heading-title.elementor-size-large{font-size:29px}.elementor-widget-heading .elementor-heading-title.elementor-size-xl{font-size:39px}.elementor-widget-heading .elementor-heading-title.elementor-size-xxl{font-size:59px}<\/style><h1 class=\"elementor-heading-title elementor-size-default\">Seminars and business meetings.\n\n<\/h1>\t\t<\/div>\n\t\t\t\t<\/div>\n\t\t\t\t<div class=\"elementor-element elementor-element-8f87416 elementor-widget elementor-widget-text-editor\" data-id=\"8f87416\" data-element_type=\"widget\" data-widget_type=\"text-editor.default\">\n\t\t\t\t<div class=\"elementor-widget-container\">\n\t\t\t<style>\/*! elementor - v3.20.0 - 26-03-2024 *\/\n.elementor-widget-text-editor.elementor-drop-cap-view-stacked .elementor-drop-cap{background-color:#69727d;color:#fff}.elementor-widget-text-editor.elementor-drop-cap-view-framed .elementor-drop-cap{color:#69727d;border:3px solid;background-color:transparent}.elementor-widget-text-editor:not(.elementor-drop-cap-view-default) .elementor-drop-cap{margin-top:8px}.elementor-widget-text-editor:not(.elementor-drop-cap-view-default) .elementor-drop-cap-letter{width:1em;height:1em}.elementor-widget-text-editor .elementor-drop-cap{float:left;text-align:center;line-height:1;font-size:50px}.elementor-widget-text-editor .elementor-drop-cap-letter{display:inline-block}<\/style>\t\t\t\t<div class=\"et_pb_row et_pb_row_0\">\n<div class=\"et_pb_column et_pb_column_4_4 et_pb_column_0 et_pb_css_mix_blend_mode_passthrough et-last-child\">\n<div class=\"et_pb_module et_pb_text et_pb_text_1 et_pb_text_align_center et_pb_bg_layout_light\">\n<div class=\"et_pb_text_inner\">\n<p>In our Mas, we have the possibility to organize<strong>&nbsp;Seminars, workshops, work meetings, or family gatherings<\/strong>&nbsp;with the option of on-site meals and privatization of the venue for this purpose.<\/p><\/div><\/div><\/div><\/div>\t\t\t\t\t\t<\/div>\n\t\t\t\t<\/div>\n\t\t\t\t\t<\/div>\n\t\t\t\t<\/div>\n\t\t<div class=\"elementor-element elementor-element-6804282 e-flex e-con-boxed e-con e-parent\" data-id=\"6804282\" data-element_type=\"container\" data-core-v316-plus=\"true\">\n\t\t\t\t\t<div class=\"e-con-inner\">\n\t\t<div class=\"elementor-element elementor-element-e717d66 e-con-full e-flex e-con e-child\" data-id=\"e717d66\" data-element_type=\"container\">\n\t\t\t\t<div class=\"elementor-element elementor-element-f7b6ee1 elementor-widget elementor-widget-text-editor\" data-id=\"f7b6ee1\" data-element_type=\"widget\" data-widget_type=\"text-editor.default\">\n\t\t\t\t<div class=\"elementor-widget-container\">\n\t\t\t\t\t\t\t<div class=\"et_pb_module et_pb_text et_pb_text_2  et_pb_text_align_left et_pb_bg_layout_light\"><div class=\"et_pb_text_inner\"><p>We can accommodate up to<strong>\u00a012 peoples<\/strong>\u00a0with the possibility of accommodations.<\/p><p>Provision of a\u00a0<strong>40 sqm room<\/strong>\u00a0with tables and chairs.<\/p><p><strong>Table d'h\u00f4te available<\/strong>, seasonal cuisine with local products.<\/p><p><strong>Large shaded outdoor terrace<\/strong>, green spaces that can be used with the pool.<\/p><\/div><\/div><div class=\"et_pb_module et_pb_text et_pb_text_3  et_pb_text_align_left et_pb_bg_layout_light\"><div class=\"et_pb_text_inner\"><p><strong>Additional information and quotes at 04.67.02.15.07 \/ 06.10.41.73.11.<\/strong><\/p><\/div><\/div><div id=\"kurato_extension_modal\">\u00a0<\/div>\t\t\t\t\t\t<\/div>\n\t\t\t\t<\/div>\n\t\t\t\t<\/div>\n\t\t<div class=\"elementor-element elementor-element-a3f66a5 e-con-full e-flex e-con e-child\" data-id=\"a3f66a5\" data-element_type=\"container\">\n\t\t\t\t<div class=\"elementor-element elementor-element-3abd9f9 elementor-widget elementor-widget-image\" data-id=\"3abd9f9\" data-element_type=\"widget\" data-widget_type=\"image.default\">\n\t\t\t\t<div class=\"elementor-widget-container\">\n\t\t\t<style>\/*! elementor - v3.20.0 - 26-03-2024 *\/\n.elementor-widget-image{text-align:center}.elementor-widget-image a{display:inline-block}.elementor-widget-image a img[src$=\".svg\"]{width:48px}.elementor-widget-image img{vertical-align:middle;display:inline-block}<\/style>\t\t\t\t\t\t\t\t\t\t<img fetchpriority=\"high\" decoding=\"async\" width=\"800\" height=\"600\" src=\"https:\/\/lou-felibre.fr\/wp-content\/uploads\/2022\/06\/IMG_4140-1024x768.jpg\" class=\"attachment-large size-large wp-image-226\" alt=\"\" srcset=\"https:\/\/lou-felibre.fr\/wp-content\/uploads\/2022\/06\/IMG_4140-1024x768.jpg 1024w, https:\/\/lou-felibre.fr\/wp-content\/uploads\/2022\/06\/IMG_4140-300x225.jpg 300w, https:\/\/lou-felibre.fr\/wp-content\/uploads\/2022\/06\/IMG_4140-768x576.jpg 768w, https:\/\/lou-felibre.fr\/wp-content\/uploads\/2022\/06\/IMG_4140-1536x1152.jpg 1536w, https:\/\/lou-felibre.fr\/wp-content\/uploads\/2022\/06\/IMG_4140-2048x1536.jpg 2048w, https:\/\/lou-felibre.fr\/wp-content\/uploads\/2022\/06\/IMG_4140-510x382.jpg 510w, https:\/\/lou-felibre.fr\/wp-content\/uploads\/2022\/06\/IMG_4140-1080x810.jpg 1080w, https:\/\/lou-felibre.fr\/wp-content\/uploads\/2022\/06\/IMG_4140-1280x960.jpg 1280w, https:\/\/lou-felibre.fr\/wp-content\/uploads\/2022\/06\/IMG_4140-980x735.jpg 980w, https:\/\/lou-felibre.fr\/wp-content\/uploads\/2022\/06\/IMG_4140-480x360.jpg 480w\" sizes=\"(max-width: 800px) 100vw, 800px\" \/>\t\t\t\t\t\t\t\t\t\t\t\t\t<\/div>\n\t\t\t\t<\/div>\n\t\t\t\t<\/div>\n\t\t\t\t\t<\/div>\n\t\t\t\t<\/div>\n\t\t\t\t<\/div>","protected":false},"excerpt":{"rendered":"<p>S\u00e9minaires et r\u00e9unions professionnelles Dans notre Mas, nous avons la possibilit\u00e9 d\u2019organiser&nbsp;des s\u00e9minaires, stages, r\u00e9unions de travail ou de famille&nbsp;avec proposition de repas sur place et privatisation du lieu \u00e0 cet effet. Nous pouvons accueillir jusqu\u2019\u00e0\u00a012 personnes\u00a0avec possibilit\u00e9 d\u2019h\u00e9bergements. Mise \u00e0 disposition d\u2019une\u00a0salle de 40 m2\u00a0avec tables et chaises. Table d\u2019h\u00f4tes possible, cuisine de saison [&hellip;]<\/p>","protected":false},"author":1,"featured_media":0,"parent":0,"menu_order":0,"comment_status":"closed","ping_status":"closed","template":"","meta":{"footnotes":""},"class_list":["post-599","page","type-page","status-publish","hentry"],"_links":{"self":[{"href":"https:\/\/lou-felibre.fr\/en\/wp-json\/wp\/v2\/pages\/599","targetHints":{"allow":["GET"]}}],"collection":[{"href":"https:\/\/lou-felibre.fr\/en\/wp-json\/wp\/v2\/pages"}],"about":[{"href":"https:\/\/lou-felibre.fr\/en\/wp-json\/wp\/v2\/types\/page"}],"author":[{"embeddable":true,"href":"https:\/\/lou-felibre.fr\/en\/wp-json\/wp\/v2\/users\/1"}],"replies":[{"embeddable":true,"href":"https:\/\/lou-felibre.fr\/en\/wp-json\/wp\/v2\/comments?post=599"}],"version-history":[{"count":4,"href":"https:\/\/lou-felibre.fr\/en\/wp-json\/wp\/v2\/pages\/599\/revisions"}],"predecessor-version":[{"id":603,"href":"https:\/\/lou-felibre.fr\/en\/wp-json\/wp\/v2\/pages\/599\/revisions\/603"}],"wp:attachment":[{"href":"https:\/\/lou-felibre.fr\/en\/wp-json\/wp\/v2\/media?parent=599"}],"curies":[{"name":"wp","href":"https:\/\/api.w.org\/{rel}","templated":true}]}}

<div data-elementor-type="wp-page" data-elementor-id="599" class="elementor elementor-599" data-elementor-post-type="page">
				<div class="elementor-element elementor-element-ea471fa e-flex e-con-boxed e-con e-parent" data-id="ea471fa" data-element_type="container" data-core-v316-plus="true">
					<div class="e-con-inner">
				<div class="elementor-element elementor-element-8cdb517 elementor-widget elementor-widget-heading" data-id="8cdb517" data-element_type="widget" data-widget_type="heading.default">
				<div class="elementor-widget-container">
			<style>/*! elementor - v3.20.0 - 26-03-2024 */
.elementor-heading-title{padding:0;margin:0;line-height:1}.elementor-widget-heading .elementor-heading-title[class*=elementor-size-]>a{color:inherit;font-size:inherit;line-height:inherit}.elementor-widget-heading .elementor-heading-title.elementor-size-small{font-size:15px}.elementor-widget-heading .elementor-heading-title.elementor-size-medium{font-size:19px}.elementor-widget-heading .elementor-heading-title.elementor-size-large{font-size:29px}.elementor-widget-heading .elementor-heading-title.elementor-size-xl{font-size:39px}.elementor-widget-heading .elementor-heading-title.elementor-size-xxl{font-size:59px}</style><h1 class="elementor-heading-title elementor-size-default">Seminars and business meetings.

</h1>		</div>
				</div>
				<div class="elementor-element elementor-element-8f87416 elementor-widget elementor-widget-text-editor" data-id="8f87416" data-element_type="widget" data-widget_type="text-editor.default">
				<div class="elementor-widget-container">
			<style>/*! elementor - v3.20.0 - 26-03-2024 */
.elementor-widget-text-editor.elementor-drop-cap-view-stacked .elementor-drop-cap{background-color:#69727d;color:#fff}.elementor-widget-text-editor.elementor-drop-cap-view-framed .elementor-drop-cap{color:#69727d;border:3px solid;background-color:transparent}.elementor-widget-text-editor:not(.elementor-drop-cap-view-default) .elementor-drop-cap{margin-top:8px}.elementor-widget-text-editor:not(.elementor-drop-cap-view-default) .elementor-drop-cap-letter{width:1em;height:1em}.elementor-widget-text-editor .elementor-drop-cap{float:left;text-align:center;line-height:1;font-size:50px}.elementor-widget-text-editor .elementor-drop-cap-letter{display:inline-block}</style>				<div class="et_pb_row et_pb_row_0">
<div class="et_pb_column et_pb_column_4_4 et_pb_column_0 et_pb_css_mix_blend_mode_passthrough et-last-child">
<div class="et_pb_module et_pb_text et_pb_text_1 et_pb_text_align_center et_pb_bg_layout_light">
<div class="et_pb_text_inner">
<p>In our Mas, we have the possibility to organize<strong>&nbsp;Seminars, workshops, work meetings, or family gatherings</strong>&nbsp;with the option of on-site meals and privatization of the venue for this purpose.</p></div></div></div></div>						</div>
				</div>
					</div>
				</div>
		<div class="elementor-element elementor-element-6804282 e-flex e-con-boxed e-con e-parent" data-id="6804282" data-element_type="container" data-core-v316-plus="true">
					<div class="e-con-inner">
		<div class="elementor-element elementor-element-e717d66 e-con-full e-flex e-con e-child" data-id="e717d66" data-element_type="container">
				<div class="elementor-element elementor-element-f7b6ee1 elementor-widget elementor-widget-text-editor" data-id="f7b6ee1" data-element_type="widget" data-widget_type="text-editor.default">
				<div class="elementor-widget-container">
							<div class="et_pb_module et_pb_text et_pb_text_2  et_pb_text_align_left et_pb_bg_layout_light"><div class="et_pb_text_inner"><p>We can accommodate up to<strong> 12 peoples</strong> with the possibility of accommodations.</p><p>Provision of a <strong>40 sqm room</strong> with tables and chairs.</p><p><strong>Table d'hôte available</strong>, seasonal cuisine with local products.</p><p><strong>Large shaded outdoor terrace</strong>, green spaces that can be used with the pool.</p></div></div><div class="et_pb_module et_pb_text et_pb_text_3  et_pb_text_align_left et_pb_bg_layout_light"><div class="et_pb_text_inner"><p><strong>Additional information and quotes at 04.67.02.15.07 / 06.10.41.73.11.</strong></p></div></div><div id="kurato_extension_modal"> </div>						</div>
				</div>
				</div>
		<div class="elementor-element elementor-element-a3f66a5 e-con-full e-flex e-con e-child" data-id="a3f66a5" data-element_type="container">
				<div class="elementor-element elementor-element-3abd9f9 elementor-widget elementor-widget-image" data-id="3abd9f9" data-element_type="widget" data-widget_type="image.default">
				<div class="elementor-widget-container">
			<style>/*! elementor - v3.20.0 - 26-03-2024 */
.elementor-widget-image{text-align:center}.elementor-widget-image a{display:inline-block}.elementor-widget-image a img[src$=".svg"]{width:48px}.elementor-widget-image img{vertical-align:middle;display:inline-block}</style>										<img fetchpriority="high" decoding="async" width="800" height="600" src="https://lou-felibre.fr/wp-content/uploads/2022/06/IMG_4140-1024x768.jpg" class="attachment-large size-large wp-image-226" alt="" srcset="https://lou-felibre.fr/wp-content/uploads/2022/06/IMG_4140-1024x768.jpg 1024w, https://lou-felibre.fr/wp-content/uploads/2022/06/IMG_4140-300x225.jpg 300w, https://lou-felibre.fr/wp-content/uploads/2022/06/IMG_4140-768x576.jpg 768w, https://lou-felibre.fr/wp-content/uploads/2022/06/IMG_4140-1536x1152.jpg 1536w, https://lou-felibre.fr/wp-content/uploads/2022/06/IMG_4140-2048x1536.jpg 2048w, https://lou-felibre.fr/wp-content/uploads/2022/06/IMG_4140-510x382.jpg 510w, https://lou-felibre.fr/wp-content/uploads/2022/06/IMG_4140-1080x810.jpg 1080w, https://lou-felibre.fr/wp-content/uploads/2022/06/IMG_4140-1280x960.jpg 1280w, https://lou-felibre.fr/wp-content/uploads/2022/06/IMG_4140-980x735.jpg 980w, https://lou-felibre.fr/wp-content/uploads/2022/06/IMG_4140-480x360.jpg 480w" sizes="(max-width: 800px) 100vw, 800px" />													</div>
				</div>
				</div>
					</div>
				</div>
				</div>

<p>Séminaires et réunions professionnelles Dans notre Mas, nous avons la possibilité d’organiser&nbsp;des séminaires, stages, réunions de travail ou de famille&nbsp;avec proposition de repas sur place et privatisation du lieu à cet effet. Nous pouvons accueillir jusqu’à 12 personnes avec possibilité d’hébergements. Mise à disposition d’une salle de 40 m2 avec tables et chaises. Table d’hôtes possible, cuisine de saison [&hellip;]</p>
